27 + 6 - 31).
-5
Calculate -93 - -136 - (31 + -5).
17
What is -2 - (-7 - -8) - -7?
4
Evaluate 11 - (-5 - (-12 + -5 + 5 + 7)).
11
31 + -14 + -31 + 18
4
-14 + 0 + 4 + 4 + -11
-17
What is (10 - 0) + 1 + 4?
15
Evaluate 9 + -2 - (11 - (-2 - (-3 - -3))).
-6
What is the value of 23 + (4 - 3) - (230 + -217)?
11
-4 + (10 - (-6 + 15))
-3
What is -10 + 28 + (-12 - -11) - 4?
13
What is -17 - (21 - (-13 + 31))?
-20
What is -2 - ((-24 - -17) + 11)?
-6
Calculate -7 + 13 + -2 + (-1 - (-1 + 18)).
-14
0 + -32 - (3 + -9 + 19 - 14)
-31
What is 3 + 18 + (13 - (28 - 14) - -4)?
24
Calculate -8 + (6 + -9 - (-15 + 13)).
-9
Calculate -11 - (22 - (35 + -15)).
-13
What is the value of 47 - (-26 - (-78 - -20))?
15
-13 + 11 - (-2 + -2 + 6 + -6)
2
What is the value of 7 + (-6 - -11 - 43 - -6)?
-25
0 + -23 + (9 - -9) - -18
13
What is -10 + 6 + 33 + -13?
16
Evaluate -12 + (7 - -1) + (-30 - -24).
-10
-1 + (2 + -7 - -7) + (-2 - -13)
12
Calculate (11 - ((11 - 11) + 6)) + 8.
13
What is the value of 9 + (17 - 8) + -14?
4
What is 32 - (0 - (-12 + -6))?
14
What is -12 + (-16 - (10 - 32))?
-6
-11 + (-3 - -10) + (0 - 0) + -1
-5
Calculate (-3 - -10) + -16 + -4 + (9 - 1).
-5
What is the value of -13 + 8 - (11 + 30 + -75)?
29
Calculate -34 + (13 - (30 - 68)).
17
Evaluate (-17 - -6) + (-147 - -176).
18
Calculate (-26 + -5 - 2) + 4 + (-34 - -35).
-28
What is the value of -19 - (6 + -4 + -9 + -2)?
-10
6 + (-1 - (-7 + 4 - -10)) - -6
4
Evaluate 5 - ((7 - 7) + -1 + 7).
-1
What is the value of (-2 - (-3 + -1)) + 317 + -326?
-7
2 + (-7 - (13 + -34 - (-2 - -3)))
17
10 + -18 - (-2 - (14 + (-3 - -4)))
9
What is the value of (-1 - -4) + (-6 - -1) + 8?
6
Evaluate (-155 - -127) + (44 - -2).
18
What is the value of -34 + 28 - (-1 + (-1 - (-9 + 5)))?
-8
Evaluate 7 + (-4 - ((-4 - 1) + 4 - 1)).
5
Evaluate 14 + -16 + -25 + 11.
-16
What is the value of -6 - 1 - (27 + -70 - -16)?
20
Evaluate 4 - -34 - 30 - -6.
14
Calculate 61 + -30 + -65 - -40.
6
Calculate -13 + (-11 - -23) - 7.
-8
What is -112 + 122 - (5 + 0)?
5
Calculate -6 - (3 - (-4 + -2 + 29)).
14
Calculate -2 + 7 - (-7 - (-59 + 18)).
-29
What is 6 + 0 + -2 + (-297 - -297) - 7?
-3
Calculate (12 + 10 - 10) + 0.
12
What is 12 + -2 - 0 - (8 - -9)?
-7
What is the value of (0 - -11) + 2 + -3 + 13 + -13?
10
Calculate -1 + 11 - (4 - -17 - 16).
5
Evaluate 30 - (34 + -8) - 28.
-24
What is (8 - 1) + -3 + -6 + 15 + -7?
6
What is the value of -22 + (5 - (-3 + 2)) + -2 - 2?
-20
Evaluate -14 - 1 - (-5 + -7 + 22).
-25
Calculate 1 + (2 - -1) - (-38 + 33) - 21.
-12
What is 92 + -121 + (2 + 1 - (-2 + -4))?
-20
What is 17 + 0 + -17 + 14 - 36?
-22
What is (2 - 7) + 2 - 6?
-9
Evaluate 16 + -17 + 1 + 6 + -1 + -2.
3
Calculate 2 + 1 + 1 + 6 + -10 + 14.
14
Calculate -35 + 36 + -21 + (1 - -6) + 3.
-10
What is (-14 - -16) + (-19 + -2 - (-3 + 3))?
-19
What is the value of (-6 + (-6 - (-21 - -1)) - 8) + -7?
-7
Calculate (-26 - -16) + 21 + -4 + (-21 - 0).
-14
What is the value of -74 + 73 + (1 - 5) + 3?
-2
Evaluate (-20 + 57 - -2) + -22.
17
Calculate 3 + (-7 - -1) + (6 - 6 - -4).
1
Calculate -8 - -13 - (-3 - (1 - 4 - -4)).
9
Calculate -5 + -26 - (-75 - -63).
-19
What is (-129 - -127) + 1 + -8?
-9
Evaluate 2 + 0 + (-612 - -578) + 21 + -1.
-12
What is 7 + -2 - (-1 + 2 - (31 + -23))?
12
7 + (-12 - -17 - 16) + (15 - -1)
12
What is the value of -16 + (-18 - -29) - (5 + 5)?
-15
What is the value of -45 - -37 - (-22 + -2)?
16
Evaluate -2 + (22 - (17 + 1 + -7)).
9
What is -5 - (-5 + 1 + (3 - -5) + -6)?
-3
(-13 - -6 - -10) + -4 - 8
-9
Calculate 5 - (1 + (-2 - 6) - (-1 - 23)).
-12
What is the value of 8 + -16 + (10 - (13 - 24))?
13
Evaluate (-29 - (6 + -49)) + -22.
-8
What is 32 - ((18 - (7 + -2)) + -1)?
20
What is -18 + 1 - (-229 - -204)?
8
Calculate -2 - -4 - (-15 + 9 + 10).
-2
What is 27 + -5 + (59 - 58)?
23
Evaluate 4 + -5 - (-29 + 17 + -7).
18
What is -7 + 68 + -63 + (-1 - -10) + 2?
9
1 + -1 - (3 + (10 - 13) + 0)
0
What is -11 + (-8 - (-12 - 1))?
-6
Evaluate 49 + -18 + -11 + -11.
9
6 + -27 + (11 - (25 + -3))
-32
Calculate -2 + (-8 - (6 - (13 + -8))).
-11
Evaluate 10 - (15 + 1) - (-5 - 7 - -2).
4
Calculate (-22 - -7 - -6) + (26 - -11) + -10.
18
Calculate 4 + (-15 - 1) + (8 - -15).
11
What is -16 + -2 + -6 + 15 + 0?
-9
What is (24 - 11) + -28 + 14?
-1
Evaluate (-6 - 7) + -4 - -6.
-11
What is 2 + -6 + -14 + 11 + -15?
-22
What is the value of -1 - (0 - 2) - (15 + 23 + -9)?
-28
What is 1 - 1 - (14 + -29 + 14)?
1
What is the value of (5 - -21) + 0 - 15?
11
What is the value of -1 - 2 - (-53 + (20 - -11))?
19
What is -78 + 73 - (-1 + -1 - (3 - 11))?
-11
What is (-42 - (13 - 29)) + 3 + 8?
-15
What is the value of 20 - (-4 + 38) - -4?
-10
What is -32 - (-5 + (3 - 32))?
2
What is the value of -1028 + 989 + 14 + 1?
-24
What is the value of 27 + -19 + -2 + -6 + 0?
0
What is the value of -40 + 43 - (0 + (4 - (-2 + 2)))?
-1
What is (-26 - -5) + (13 - (8 + -4)) + 4?
-8
15 - (-17 - (-26 + 14) - (1 - 11))
10
20 - -3 - (65 - 59)
17
What is 34 + (-7 - 22 - -5)?
10
Calculate 8 + 18 + -52 + 14.
-12
What is the value of 5 - (-3 - (-8 - -3))?
3
What is the value of -13 - (-20 + 10) - (4 + (-11 - -4))?
0
-7 + -11 + (12 - 18)
-24
Evaluate -6 + 18 + 2 - 18.
-4
Calculate (0 - -24) + 78 + -82.
20
-39 + 24 + 44 + -47
-18
Calculate 32 - 37 - (6 + -17).
6
What is the value of 6 + 6 + -7 - (-11 + 45 + -7)?
-22
Calculate 31 + -31 + (-8 - (-2 - -4)) + 22.
12
Evaluate (-12 + 12 - -13) + -10.
3
Calculate -1 + 9 + (-136 - -127 - (-3 + -2)).
4
Calculate -1 + -1 - -4 - (-21 - (12 - 26)).
9
What is 4 + (-10 - 2) + (16 - 4 - -7)?
11
(-9 - -26 - 8 - 7) + 11 + 0
13
Calculate 19 - ((18 - 16) + 10).
7
Calculate (-11 - 3) + -18 + 22.
-10
-22 + (16 - 15 - -13)
-8
Calculate -3 - -4 - 5 - (-3 + 6).
-7
What is the value of -5 - (-6 - (1 + -2 - (-15 - -7)))?
8
What is the value of 17 + 14 + -6 + -15?
10
(8 + -4 - 6) + (3 - 0) + 3
4
Evaluate 1 - (-18 + (5 - 3 - (-7 - -3))).
13
Evaluate 2 + (-18 - 15) - -52.
21
What is the value of (3 - (4 + -5)) + -3 + 2 - 14?
-11
Calculate 16 + -1 + (1084 - 1085).
14
What is (-1 - -4) + -14 - (40 - 36)?
-15
Calculate (10 - 4 - 2) + (-9 - (1 + 0)).
-6
What is 0 + 8 + (-2 - 5) - -7?
8
-4 - ((5 - 4) + -9 - (0 - 6))
-2
Evaluate -2 + 1 - (23 + (18 - 46)).
4
What is -11 - (-7 - (-12 - -11) - 4)?
-1
What is the value of -33 - ((7 - (6 + 14)) + 20)?
-40
-37 + 4 + 3 - -38
8
-13 - -1 - (-25 + 31 + -13) - 10
-15
Evaluate -15 + 4 + -5 + -13 - -8.
-21
What is the value of -37 + 9 - (3 - 0) - (-3 - -9)?
-37
What is -6 + (8 - (2 - (1 + 5)))?
6
(4 - -1) + 30 + -45
-10
(-7 - 2) + (0 - -9) - (-7 + 2)
5
What is 95 - 88 - (8 - 1)?
0
What is the value of 698 + -721 + (61 - 1)?
37
-30 - (-9 - (-11 + 6))
-26
What is the value of -13 + (14 - (10 - 3)) - (2 - 8)?
0
What is the value of 7 - (23 + (7 - 8))?
-15
What is -4 + -3 - (-13 - (0 + 3 - 2))?
7
-4 - 4 - ((-3 - 0) + 8)
-13
Calculate 43 + -24 + -3 - (2 - 4).
18
What is the value of (2 - 0) + (-3 - (-4 + -2) - 4)?
1
18 - (-4 - (-8 + 2 + 7) - -7)
16
Evaluate -1 + (-27 - (-21 - (-22 - -19))).
-10
What is the value of 4 - (9 - (6 + -6))?
-5
What is (8 - (15 + 2)) + 10?
1
Evaluate -7 + 6 + 13 - -4.
16
What is -18 - -5 - (-15 - (4 + -10))?
-4
((17 - -24) + -18 - 12) + 1 + 6
18
What is 51 + (-19 - -1) - (1 + -4)?
36
What is -5 + (-7 - 1 - (-4 + -4))?
-5
What is the value of 2 + (-44 + 50 - 12)?
-4
What is -8 + 0 + (-229 - -236)?
-1
21 + (1 - (-2 - -18))
6
Evaluate 1 + -20 - (-53 - -35).
-1
11 - (31 + 18 + -24)
-14
Evaluate -23 - ((3 - 16) + 5 + 6 - 7).
-14
What is 8 - (15 - 22 - -15)?
0
What is the value of 6 + 2 + (-2 - 15)?
-9
What is -23 + (7 - -9) - 7?
-14
Calculate (5 - (-9 + 7)) + -7 + -5.
-5
Calculate -1 - -2 - (-1227 + 1219 - (-30 + -1)).
-22
Calculate -5 + (22 + (-9 - -7) - 8).
7
What is the value of -7 + 1 - -9 - (28 + (-17 - -7))?
-15
What is the value of -36 - -59 - 41 - -34?
16
What is the value of -28 - -46 - (19 + 20)?
-21
-23 - (-15 - (-19 + 29))
2
Evaluate -61 + 57 + -18 + (-3 - -2).
-23
9 - (-1 - -3) - (213 - 204)
-2
Calculate 47 + -42 - (-1 - (-1 - 2 - -4)).
7
Evaluate 17 + (-10 - (10 + -25)) + -19.
3
(-13 - -9 - -18) + -11
3
Evaluate 4 - 7 - (-19 + 17).
-1
(-1 - -3) + 151 + -160
-7
Evaluate -5 - (-2 + -7) - -11.
15
-13 - (-27 - -15) - -10
9
What is the value of 4 + 5 + (-2 - (-4 + 8))?
3
What is 21 + -15 - 28 - -10?
-12
Evaluate (61 - 27) + (-74 - -24).
-16
